{"id":2551,"date":"2016-07-04T13:45:29","date_gmt":"2016-07-04T12:45:29","guid":{"rendered":"http:\/\/moduli.si\/trgovina\/?page_id=2551"},"modified":"2025-10-07T10:02:01","modified_gmt":"2025-10-07T08:02:01","slug":"vracilo-blaga","status":"publish","type":"page","link":"https:\/\/moduli.si\/trgovina\/vracilo-blaga\/","title":{"rendered":"Vra\u010dilo blaga"},"content":{"rendered":"\n<p>V skladu z dolo\u010dbo 134. \u010dlena ZVPot-1 ima potro\u0161nik pri pogodbah, sklenjenih na daljavo ali<br>zunaj poslovnih prostorov, pravico, da v 14 dneh obvesti podjetje (pisno, ustno, na obrazcu\u2026),<br>da odstopa od pogodbe, ne da bi mu bilo treba navesti razlog za svojo odlo\u010ditev. Potro\u0161nik v<br>zvezi z odstopom od pogodbe krije samo stro\u0161ke vra\u010dila blaga, razen \u010de te stro\u0161ke krije<br>podjetje.<br>\u010ce je potro\u0161nik blago \u017ee prejel in odstopi od pogodbe, ga vrne ali izro\u010di podjetju ali osebi, ki jo<br>podjetje pooblasti za prevzem blaga nemudoma oziroma najpozneje v 14 dneh po obvestilu o<br>odstopu, razen \u010de podjetje ponudi, da samo prevzame vrnjeno blago.<br>V primeru odstopa od pogodbe podjetje nemudoma oziroma najpozneje v 14 dneh po prejemu<br>obvestila o odstopu od pogodbe vrne vsa prejeta pla\u010dila. Podjetje vrne prejeta pla\u010dila potro\u0161niku<br>z enakim pla\u010dilnim sredstvom, kot ga je uporabil potro\u0161nik, razen \u010de se je potro\u0161nik izrecno<br>strinjal z uporabo drugega pla\u010dilnega sredstva in \u010de potro\u0161nik zaradi tega ne nosi nobenih<br>stro\u0161kov.<br>Podjejte lahko zadr\u017ei vra\u010dilo prejetih pla\u010dil do prevzema vrnjenega blaga ali dokler potro\u0161nik ne<br>predlo\u017ei dokazila, da je blago poslal nazaj, razen \u010de podjetje ponudi mo\u017enost, da samo<br>prevzame vrnjeno blago.<br>Potro\u0161nik odgovarja za zmanj\u0161anje vrednosti blaga, \u010de je zmanj\u0161anje vrednosti posledica<br>ravnanja, ki ni nujno potrebno za ugotovitev narave, lastnosti in delovanja blaga.<br>Potro\u0161nik ne odgovarja za zmanj\u0161anje vrednosti blaga, \u010de ga podjetje ne seznani s pravico do<br>odstopa od pogodbe skladno s 6. to\u010dko prvega odstavka 130. \u010dlena.<br>Po dolo\u010dbi 138.\u010dlena ZVPot-1 lahko potro\u0161nik obvestilo o odstopu predlo\u017ei podjetju na obrazcu<br>iz petega odstavka tega \u010dlena ali z nedvoumno izjavo, iz katere jasno izhaja, da odstopa od<br>pogodbe ali preko spletne strani.) Obrazec se lahko predlo\u017ei na e-mail naslov info@moduli.si ali pa osebno v podjetju na naslovu Kidri\u010deva 6, 2380 Slovenj Gradec. <\/p>\n\n\n\n<div class=\"wp-block-buttons is-layout-flex wp-block-buttons-is-layout-flex\">\n<div class=\"wp-block-button\"><a class=\"wp-block-button__link has-luminous-vivid-orange-color has-cyan-bluish-gray-background-color has-text-color has-background\" href=\"https:\/\/moduli.si\/trgovina\/wp-content\/uploads\/2025\/07\/OBRAZEC-ZA-VRACILO-BLAGA.pdf\">OBRAZEC ZA VRA\u010cILO BLAGA<\/a><\/div>\n<\/div>\n\n\n\n<p><\/p>\n","protected":false},"excerpt":{"rendered":"<p>V skladu z dolo\u010dbo 134. \u010dlena ZVPot-1 ima potro\u0161nik pri pogodbah, sklenjenih na daljavo alizunaj poslovnih prostorov, pravico, da v 14 dneh obvesti podjetje (pisno, ustno, na obrazcu\u2026),da odstopa od pogodbe, ne da bi mu bilo treba navesti razlog za svojo odlo\u010ditev. Potro\u0161nik vzvezi z odstopom od pogodbe krije samo stro\u0161ke vra\u010dila blaga, razen \u010de &hellip; <\/p>\n","protected":false},"author":1,"featured_media":0,"parent":0,"menu_order":0,"comment_status":"closed","ping_status":"closed","template":"","meta":{"_acf_changed":false,"footnotes":""},"class_list":["post-2551","page","type-page","status-publish","hentry"],"acf":[],"jetpack_sharing_enabled":true,"_links":{"self":[{"href":"https:\/\/moduli.si\/trgovina\/wp-json\/wp\/v2\/pages\/2551","targetHints":{"allow":["GET"]}}],"collection":[{"href":"https:\/\/moduli.si\/trgovina\/wp-json\/wp\/v2\/pages"}],"about":[{"href":"https:\/\/moduli.si\/trgovina\/wp-json\/wp\/v2\/types\/page"}],"author":[{"embeddable":true,"href":"https:\/\/moduli.si\/trgovina\/wp-json\/wp\/v2\/users\/1"}],"replies":[{"embeddable":true,"href":"https:\/\/moduli.si\/trgovina\/wp-json\/wp\/v2\/comments?post=2551"}],"version-history":[{"count":4,"href":"https:\/\/moduli.si\/trgovina\/wp-json\/wp\/v2\/pages\/2551\/revisions"}],"predecessor-version":[{"id":4257,"href":"https:\/\/moduli.si\/trgovina\/wp-json\/wp\/v2\/pages\/2551\/revisions\/4257"}],"wp:attachment":[{"href":"https:\/\/moduli.si\/trgovina\/wp-json\/wp\/v2\/media?parent=2551"}],"curies":[{"name":"wp","href":"https:\/\/api.w.org\/{rel}","templated":true}]}}