{"id":2664,"date":"2016-10-18T14:54:48","date_gmt":"2016-10-18T12:54:48","guid":{"rendered":"http:\/\/moduli.si\/trgovina\/trgovina\/priloznostni-lively-violet-amor\/"},"modified":"2026-03-06T10:38:19","modified_gmt":"2026-03-06T09:38:19","slug":"priloznostni-lively-violet-amor","status":"publish","type":"product","link":"https:\/\/moduli.si\/trgovina\/shop\/copati\/copati-odrastli\/priloznostni\/priloznostni-lively-violet-amor\/","title":{"rendered":"Prilo\u017enostni copati &#8211; Amor &#8211; viola"},"content":{"rendered":"","protected":false},"excerpt":{"rendered":"<p>Na copatih se lahko napis in motiv prilagodi Va\u0161im \u017eeljam in tako copati postanejo odli\u010dno unikatno darilo za vse prilo\u017enosti (rojstni dnevi, jubileji, obletnice, Bo\u017ei\u010dno darilo, praznikih, darilo ob maturi, diplomi in ostalih pomembnih \u017eivljenjskih prelomnicah).<\/p>\n<p>Copati so izdelani iz kvalitetnih materialov, primernih za vsakdanjo uporabo. Podlo\u017eeni so z 5-8mm mehko podlogo, ki zagotavlja copatu udobje in toplino. Copati imajo usnjen nedrse\u010d podplat, ki ne prepu\u0161\u010da teko\u010din. \u010ci\u0161\u010denje vseh materialov je enostavno. Copati iz filca se \u010distijo s sesalcem ali lepilnim valj\u010dkom, usnjeni copati se o\u010distijo s krpo in blago milnico, medtem ko se lahko tekstilni copati varno in brez te\u017eav perejo v pralnem stroju pri nizkih temperaturah. Copati so lahko izdelani v velikosti od 36 do 50 in se lahko po \u017eelji tudi v celoti prilagodijo.<\/p>\n<p>Rok dobave: Po naro\u010dilu do 10 delovnih dni<\/p>\n<p>* Ime\/napis\/logo\/motiv , ki ga \u017eelite na copatu, dodajte pod OPOMBE na blagajni (v stolpcu &#8221;Naslov za dostavo&#8221;) !<\/p>\n","protected":false},"featured_media":2575,"comment_status":"closed","ping_status":"closed","template":"","meta":{"_acf_changed":false},"product_brand":[],"product_cat":[44,95,55,97],"product_tag":[],"class_list":{"0":"post-2664","1":"product","2":"type-product","3":"status-publish","4":"has-post-thumbnail","6":"product_cat-copati","7":"product_cat-copati-odrastli","8":"product_cat-priloznostni","9":"product_cat-copati-tekstil","11":"first","12":"onbackorder","13":"taxable","14":"shipping-taxable","15":"purchasable","16":"product-type-variable"},"acf":[],"jetpack_sharing_enabled":true,"_links":{"self":[{"href":"https:\/\/moduli.si\/trgovina\/wp-json\/wp\/v2\/product\/2664","targetHints":{"allow":["GET"]}}],"collection":[{"href":"https:\/\/moduli.si\/trgovina\/wp-json\/wp\/v2\/product"}],"about":[{"href":"https:\/\/moduli.si\/trgovina\/wp-json\/wp\/v2\/types\/product"}],"replies":[{"embeddable":true,"href":"https:\/\/moduli.si\/trgovina\/wp-json\/wp\/v2\/comments?post=2664"}],"wp:featuredmedia":[{"embeddable":true,"href":"https:\/\/moduli.si\/trgovina\/wp-json\/wp\/v2\/media\/2575"}],"wp:attachment":[{"href":"https:\/\/moduli.si\/trgovina\/wp-json\/wp\/v2\/media?parent=2664"}],"wp:term":[{"taxonomy":"product_brand","embeddable":true,"href":"https:\/\/moduli.si\/trgovina\/wp-json\/wp\/v2\/product_brand?post=2664"},{"taxonomy":"product_cat","embeddable":true,"href":"https:\/\/moduli.si\/trgovina\/wp-json\/wp\/v2\/product_cat?post=2664"},{"taxonomy":"product_tag","embeddable":true,"href":"https:\/\/moduli.si\/trgovina\/wp-json\/wp\/v2\/product_tag?post=2664"}],"curies":[{"name":"wp","href":"https:\/\/api.w.org\/{rel}","templated":true}]}}